{"id":757,"date":"2026-01-12T23:25:16","date_gmt":"2026-01-12T23:25:16","guid":{"rendered":"https:\/\/espacoelisheva.pt\/?page_id=757"},"modified":"2026-01-27T17:55:35","modified_gmt":"2026-01-27T17:55:35","slug":"janeiro","status":"publish","type":"page","link":"https:\/\/espacoelisheva.pt\/index.php\/janeiro\/","title":{"rendered":"Janeiro"},"content":{"rendered":"\n<div class=\"wp-block-columns is-layout-flex wp-container-core-columns-is-layout-28f84493 wp-block-columns-is-layout-flex\">\n<div class=\"wp-block-column is-layout-flow wp-block-column-is-layout-flow\">\n<div class=\"wp-block-cover\" style=\"min-height:343px;aspect-ratio:unset;\"><img loading=\"lazy\" decoding=\"async\" width=\"1024\" height=\"768\" class=\"wp-block-cover__image-background wp-image-758\" alt=\"\" src=\"https:\/\/espacoelisheva.pt\/wp-content\/uploads\/2026\/01\/cria-uma-imagem-que-represente-dirigir-uma-equipa-de-forma.png\" data-object-fit=\"cover\" srcset=\"https:\/\/espacoelisheva.pt\/wp-content\/uploads\/2026\/01\/cria-uma-imagem-que-represente-dirigir-uma-equipa-de-forma.png 1024w, https:\/\/espacoelisheva.pt\/wp-content\/uploads\/2026\/01\/cria-uma-imagem-que-represente-dirigir-uma-equipa-de-forma-300x225.png 300w, https:\/\/espacoelisheva.pt\/wp-content\/uploads\/2026\/01\/cria-uma-imagem-que-represente-dirigir-uma-equipa-de-forma-768x576.png 768w\" sizes=\"auto, (max-width: 1024px) 100vw, 1024px\" \/><span aria-hidden=\"true\" class=\"wp-block-cover__background has-background-dim\"><\/span><div class=\"wp-block-cover__inner-container is-layout-flow wp-block-cover-is-layout-flow\">\n<div class=\"wp-block-buttons alignwide is-content-justification-center is-layout-flex wp-container-core-buttons-is-layout-5b5683f2 wp-block-buttons-is-layout-flex\">\n<div class=\"wp-block-button\"><a class=\"wp-block-button__link wp-element-button\" href=\"https:\/\/elisheva.newzenler.com\/courses\/dtes18\" target=\"_blank\" rel=\"noreferrer noopener\">Dire\u00e7\u00e3o T\u00e9cnica de Equipamentos Sociais<\/a><\/div>\n<\/div>\n<\/div><\/div>\n<\/div>\n\n\n\n<div class=\"wp-block-column is-layout-flow wp-block-column-is-layout-flow\">\n<div class=\"wp-block-cover\" style=\"min-height:339px;aspect-ratio:unset;\"><img loading=\"lazy\" decoding=\"async\" width=\"1024\" height=\"768\" class=\"wp-block-cover__image-background wp-image-759\" alt=\"\" src=\"https:\/\/espacoelisheva.pt\/wp-content\/uploads\/2026\/01\/cria-uma-imagem-que-represente-alguem-a-fazer-atividades-com.png\" data-object-fit=\"cover\" srcset=\"https:\/\/espacoelisheva.pt\/wp-content\/uploads\/2026\/01\/cria-uma-imagem-que-represente-alguem-a-fazer-atividades-com.png 1024w, https:\/\/espacoelisheva.pt\/wp-content\/uploads\/2026\/01\/cria-uma-imagem-que-represente-alguem-a-fazer-atividades-com-300x225.png 300w, https:\/\/espacoelisheva.pt\/wp-content\/uploads\/2026\/01\/cria-uma-imagem-que-represente-alguem-a-fazer-atividades-com-768x576.png 768w\" sizes=\"auto, (max-width: 1024px) 100vw, 1024px\" \/><span aria-hidden=\"true\" class=\"wp-block-cover__background has-background-dim\"><\/span><div class=\"wp-block-cover__inner-container is-layout-flow wp-block-cover-is-layout-flow\">\n<div class=\"wp-block-buttons alignwide is-content-justification-center is-layout-flex wp-container-core-buttons-is-layout-a89b3969 wp-block-buttons-is-layout-flex\">\n<div class=\"wp-block-button\"><a class=\"wp-block-button__link wp-element-button\" href=\"https:\/\/elisheva.newzenler.com\/courses\/pdii2\" target=\"_blank\" rel=\"noreferrer noopener\">Plano Individual do Idoso<\/a><\/div>\n<\/div>\n<\/div><\/div>\n<\/div>\n<\/div>\n\n\n\n<p><\/p>\n","protected":false},"excerpt":{"rendered":"","protected":false},"author":1,"featured_media":0,"parent":0,"menu_order":0,"comment_status":"closed","ping_status":"closed","template":"","meta":{"_coblocks_attr":"","_coblocks_dimensions":"","_coblocks_responsive_height":"","_coblocks_accordion_ie_support":"","footnotes":""},"class_list":["post-757","page","type-page","status-publish","hentry","entry"],"jetpack_sharing_enabled":true,"_links":{"self":[{"href":"https:\/\/espacoelisheva.pt\/index.php\/wp-json\/wp\/v2\/pages\/757","targetHints":{"allow":["GET"]}}],"collection":[{"href":"https:\/\/espacoelisheva.pt\/index.php\/wp-json\/wp\/v2\/pages"}],"about":[{"href":"https:\/\/espacoelisheva.pt\/index.php\/wp-json\/wp\/v2\/types\/page"}],"author":[{"embeddable":true,"href":"https:\/\/espacoelisheva.pt\/index.php\/wp-json\/wp\/v2\/users\/1"}],"replies":[{"embeddable":true,"href":"https:\/\/espacoelisheva.pt\/index.php\/wp-json\/wp\/v2\/comments?post=757"}],"version-history":[{"count":6,"href":"https:\/\/espacoelisheva.pt\/index.php\/wp-json\/wp\/v2\/pages\/757\/revisions"}],"predecessor-version":[{"id":767,"href":"https:\/\/espacoelisheva.pt\/index.php\/wp-json\/wp\/v2\/pages\/757\/revisions\/767"}],"wp:attachment":[{"href":"https:\/\/espacoelisheva.pt\/index.php\/wp-json\/wp\/v2\/media?parent=757"}],"curies":[{"name":"wp","href":"https:\/\/api.w.org\/{rel}","templated":true}]}}

<div class="wp-block-columns is-layout-flex wp-container-core-columns-is-layout-28f84493 wp-block-columns-is-layout-flex">
<div class="wp-block-column is-layout-flow wp-block-column-is-layout-flow">
<div class="wp-block-cover" style="min-height:343px;aspect-ratio:unset;"><img loading="lazy" decoding="async" width="1024" height="768" class="wp-block-cover__image-background wp-image-758" alt="" src="https://espacoelisheva.pt/wp-content/uploads/2026/01/cria-uma-imagem-que-represente-dirigir-uma-equipa-de-forma.png" data-object-fit="cover" srcset="https://espacoelisheva.pt/wp-content/uploads/2026/01/cria-uma-imagem-que-represente-dirigir-uma-equipa-de-forma.png 1024w, https://espacoelisheva.pt/wp-content/uploads/2026/01/cria-uma-imagem-que-represente-dirigir-uma-equipa-de-forma-300x225.png 300w, https://espacoelisheva.pt/wp-content/uploads/2026/01/cria-uma-imagem-que-represente-dirigir-uma-equipa-de-forma-768x576.png 768w" sizes="auto, (max-width: 1024px) 100vw, 1024px" /><span aria-hidden="true" class="wp-block-cover__background has-background-dim"></span><div class="wp-block-cover__inner-container is-layout-flow wp-block-cover-is-layout-flow">
<div class="wp-block-buttons alignwide is-content-justification-center is-layout-flex wp-container-core-buttons-is-layout-5b5683f2 wp-block-buttons-is-layout-flex">
<div class="wp-block-button"><a class="wp-block-button__link wp-element-button" href="https://elisheva.newzenler.com/courses/dtes18" target="_blank" rel="noreferrer noopener">Direção Técnica de Equipamentos Sociais</a></div>
</div>
</div></div>
</div>



<div class="wp-block-column is-layout-flow wp-block-column-is-layout-flow">
<div class="wp-block-cover" style="min-height:339px;aspect-ratio:unset;"><img loading="lazy" decoding="async" width="1024" height="768" class="wp-block-cover__image-background wp-image-759" alt="" src="https://espacoelisheva.pt/wp-content/uploads/2026/01/cria-uma-imagem-que-represente-alguem-a-fazer-atividades-com.png" data-object-fit="cover" srcset="https://espacoelisheva.pt/wp-content/uploads/2026/01/cria-uma-imagem-que-represente-alguem-a-fazer-atividades-com.png 1024w, https://espacoelisheva.pt/wp-content/uploads/2026/01/cria-uma-imagem-que-represente-alguem-a-fazer-atividades-com-300x225.png 300w, https://espacoelisheva.pt/wp-content/uploads/2026/01/cria-uma-imagem-que-represente-alguem-a-fazer-atividades-com-768x576.png 768w" sizes="auto, (max-width: 1024px) 100vw, 1024px" /><span aria-hidden="true" class="wp-block-cover__background has-background-dim"></span><div class="wp-block-cover__inner-container is-layout-flow wp-block-cover-is-layout-flow">
<div class="wp-block-buttons alignwide is-content-justification-center is-layout-flex wp-container-core-buttons-is-layout-a89b3969 wp-block-buttons-is-layout-flex">
<div class="wp-block-button"><a class="wp-block-button__link wp-element-button" href="https://elisheva.newzenler.com/courses/pdii2" target="_blank" rel="noreferrer noopener">Plano Individual do Idoso</a></div>
</div>
</div></div>
</div>
</div>



<p></p>
