{"id":562,"date":"2025-09-30T16:27:47","date_gmt":"2025-09-30T16:27:47","guid":{"rendered":"https:\/\/espacoelisheva.wordpress.com\/?page_id=562"},"modified":"2025-11-16T18:50:09","modified_gmt":"2025-11-16T18:50:09","slug":"organizacoes-sociais-oferta-formativa-2025","status":"publish","type":"page","link":"https:\/\/espacoelisheva.pt\/index.php\/organizacoes-sociais-oferta-formativa-2025\/","title":{"rendered":"ORGANIZA\u00c7\u00d5ES SOCIAIS"},"content":{"rendered":"\n<p>Oferta Formativa 2025<\/p>\n\n\n\n<div class=\"wp-block-columns is-layout-flex wp-container-core-columns-is-layout-28f84493 wp-block-columns-is-layout-flex\">\n<div class=\"wp-block-column is-layout-flow wp-block-column-is-layout-flow\">\n<div class=\"wp-block-cover\"><img loading=\"lazy\" decoding=\"async\" width=\"1625\" height=\"1300\" class=\"wp-block-cover__image-background wp-image-251\" alt=\"\" src=\"https:\/\/espacoelisheva.pt\/wp-content\/uploads\/2021\/09\/clasped-hands-comfort-hands-people-45842.jpeg?w=750\" data-object-fit=\"cover\" srcset=\"https:\/\/espacoelisheva.pt\/wp-content\/uploads\/2021\/09\/clasped-hands-comfort-hands-people-45842.jpeg 1625w, https:\/\/espacoelisheva.pt\/wp-content\/uploads\/2021\/09\/clasped-hands-comfort-hands-people-45842-300x240.jpeg 300w, https:\/\/espacoelisheva.pt\/wp-content\/uploads\/2021\/09\/clasped-hands-comfort-hands-people-45842-1024x819.jpeg 1024w, https:\/\/espacoelisheva.pt\/wp-content\/uploads\/2021\/09\/clasped-hands-comfort-hands-people-45842-768x614.jpeg 768w, https:\/\/espacoelisheva.pt\/wp-content\/uploads\/2021\/09\/clasped-hands-comfort-hands-people-45842-1536x1229.jpeg 1536w\" sizes=\"auto, (max-width: 1625px) 100vw, 1625px\" \/><span aria-hidden=\"true\" class=\"wp-block-cover__background has-background-dim\"><\/span><div class=\"wp-block-cover__inner-container is-layout-flow wp-block-cover-is-layout-flow\">\n<p class=\"has-text-align-center has-large-font-size\"><strong><a href=\"https:\/\/espacoelisheva.pt\/index.php\/programa-direcao-tecnica-de-equipamentos-sociais\/\"><mark style=\"background-color:rgba(0, 0, 0, 0)\" class=\"has-inline-color has-background-color\">Dire\u00e7\u00e3o T\u00e9cnica de Equipamentos Sociais<\/mark><\/a><\/strong><\/p>\n<\/div><\/div>\n<\/div>\n\n\n\n<div class=\"wp-block-column is-layout-flow wp-block-column-is-layout-flow\">\n<div class=\"wp-block-cover\"><img loading=\"lazy\" decoding=\"async\" width=\"1440\" height=\"1920\" class=\"wp-block-cover__image-background wp-image-114\" alt=\"\" src=\"https:\/\/espacoelisheva.pt\/wp-content\/uploads\/2017\/09\/old-couple-2261495_1920.jpg?w=750\" data-object-fit=\"cover\" srcset=\"https:\/\/espacoelisheva.pt\/wp-content\/uploads\/2017\/09\/old-couple-2261495_1920.jpg 1440w, https:\/\/espacoelisheva.pt\/wp-content\/uploads\/2017\/09\/old-couple-2261495_1920-225x300.jpg 225w, https:\/\/espacoelisheva.pt\/wp-content\/uploads\/2017\/09\/old-couple-2261495_1920-768x1024.jpg 768w, https:\/\/espacoelisheva.pt\/wp-content\/uploads\/2017\/09\/old-couple-2261495_1920-1152x1536.jpg 1152w\" sizes=\"auto, (max-width: 1440px) 100vw, 1440px\" \/><span aria-hidden=\"true\" class=\"wp-block-cover__background has-background-dim\"><\/span><div class=\"wp-block-cover__inner-container is-layout-flow wp-block-cover-is-layout-flow\">\n<p class=\"has-text-align-center has-large-font-size\"><a href=\"https:\/\/espacoelisheva.pt\/index.php\/plano-de-desenvolvimento-individual-do-idoso\/\"><code><mark style=\"background-color:rgba(0, 0, 0, 0)\" class=\"has-inline-color has-background-color\">Plano de Desenvolvimento Individual do\u00a0Idoso<\/mark><\/code><\/a><\/p>\n<\/div><\/div>\n<\/div>\n<\/div>\n\n\n\n<div class=\"wp-block-columns is-layout-flex wp-container-core-columns-is-layout-28f84493 wp-block-columns-is-layout-flex\">\n<div class=\"wp-block-column is-layout-flow wp-block-column-is-layout-flow\">\n<div class=\"wp-block-cover\"><img loading=\"lazy\" decoding=\"async\" width=\"1880\" height=\"1253\" class=\"wp-block-cover__image-background wp-image-300\" alt=\"\" src=\"https:\/\/espacoelisheva.pt\/wp-content\/uploads\/2021\/10\/pexels-photo-1181772.jpeg?w=750\" data-object-fit=\"cover\" srcset=\"https:\/\/espacoelisheva.pt\/wp-content\/uploads\/2021\/10\/pexels-photo-1181772.jpeg 1880w, https:\/\/espacoelisheva.pt\/wp-content\/uploads\/2021\/10\/pexels-photo-1181772-300x200.jpeg 300w, https:\/\/espacoelisheva.pt\/wp-content\/uploads\/2021\/10\/pexels-photo-1181772-1024x682.jpeg 1024w, https:\/\/espacoelisheva.pt\/wp-content\/uploads\/2021\/10\/pexels-photo-1181772-768x512.jpeg 768w, https:\/\/espacoelisheva.pt\/wp-content\/uploads\/2021\/10\/pexels-photo-1181772-1536x1024.jpeg 1536w\" sizes=\"auto, (max-width: 1880px) 100vw, 1880px\" \/><span aria-hidden=\"true\" class=\"wp-block-cover__background has-background-dim\"><\/span><div class=\"wp-block-cover__inner-container is-layout-flow wp-block-cover-is-layout-flow\">\n<p class=\"has-text-align-center has-large-font-size\"><a href=\"https:\/\/espacoelisheva.pt\/index.php\/elaboracao-e-gestao-do-pii-do-cliente-em-caci\/\"><code><mark style=\"background-color:rgba(0, 0, 0, 0)\" class=\"has-inline-color has-background-color\">Elabora\u00e7\u00e3o e Gest\u00e3o do PII do Cliente em\u00a0CACI<\/mark><\/code><\/a><\/p>\n<\/div><\/div>\n<\/div>\n\n\n\n<div class=\"wp-block-column is-layout-flow wp-block-column-is-layout-flow\"><\/div>\n<\/div>\n\n\n\n<p><\/p>\n","protected":false},"excerpt":{"rendered":"<p>Oferta Formativa 2025<\/p>\n","protected":false},"author":2,"featured_media":0,"parent":0,"menu_order":0,"comment_status":"closed","ping_status":"closed","template":"","meta":{"_coblocks_attr":"","_coblocks_dimensions":"","_coblocks_responsive_height":"","_coblocks_accordion_ie_support":"","footnotes":""},"class_list":["post-562","page","type-page","status-publish","hentry","entry"],"jetpack_sharing_enabled":true,"_links":{"self":[{"href":"https:\/\/espacoelisheva.pt\/index.php\/wp-json\/wp\/v2\/pages\/562","targetHints":{"allow":["GET"]}}],"collection":[{"href":"https:\/\/espacoelisheva.pt\/index.php\/wp-json\/wp\/v2\/pages"}],"about":[{"href":"https:\/\/espacoelisheva.pt\/index.php\/wp-json\/wp\/v2\/types\/page"}],"author":[{"embeddable":true,"href":"https:\/\/espacoelisheva.pt\/index.php\/wp-json\/wp\/v2\/users\/2"}],"replies":[{"embeddable":true,"href":"https:\/\/espacoelisheva.pt\/index.php\/wp-json\/wp\/v2\/comments?post=562"}],"version-history":[{"count":3,"href":"https:\/\/espacoelisheva.pt\/index.php\/wp-json\/wp\/v2\/pages\/562\/revisions"}],"predecessor-version":[{"id":718,"href":"https:\/\/espacoelisheva.pt\/index.php\/wp-json\/wp\/v2\/pages\/562\/revisions\/718"}],"wp:attachment":[{"href":"https:\/\/espacoelisheva.pt\/index.php\/wp-json\/wp\/v2\/media?parent=562"}],"curies":[{"name":"wp","href":"https:\/\/api.w.org\/{rel}","templated":true}]}}

ORGANIZAÇÕES SOCIAIS

<p>Oferta Formativa 2025</p>



<div class="wp-block-columns is-layout-flex wp-container-core-columns-is-layout-28f84493 wp-block-columns-is-layout-flex">
<div class="wp-block-column is-layout-flow wp-block-column-is-layout-flow">
<div class="wp-block-cover"><img loading="lazy" decoding="async" width="1625" height="1300" class="wp-block-cover__image-background wp-image-251" alt="" src="https://espacoelisheva.pt/wp-content/uploads/2021/09/clasped-hands-comfort-hands-people-45842.jpeg?w=750" data-object-fit="cover" srcset="https://espacoelisheva.pt/wp-content/uploads/2021/09/clasped-hands-comfort-hands-people-45842.jpeg 1625w, https://espacoelisheva.pt/wp-content/uploads/2021/09/clasped-hands-comfort-hands-people-45842-300x240.jpeg 300w, https://espacoelisheva.pt/wp-content/uploads/2021/09/clasped-hands-comfort-hands-people-45842-1024x819.jpeg 1024w, https://espacoelisheva.pt/wp-content/uploads/2021/09/clasped-hands-comfort-hands-people-45842-768x614.jpeg 768w, https://espacoelisheva.pt/wp-content/uploads/2021/09/clasped-hands-comfort-hands-people-45842-1536x1229.jpeg 1536w" sizes="auto, (max-width: 1625px) 100vw, 1625px" /><span aria-hidden="true" class="wp-block-cover__background has-background-dim"></span><div class="wp-block-cover__inner-container is-layout-flow wp-block-cover-is-layout-flow">
<p class="has-text-align-center has-large-font-size"><strong><a href="https://espacoelisheva.pt/index.php/programa-direcao-tecnica-de-equipamentos-sociais/"><mark style="background-color:rgba(0, 0, 0, 0)" class="has-inline-color has-background-color">Direção Técnica de Equipamentos Sociais</mark></a></strong></p>
</div></div>
</div>



<div class="wp-block-column is-layout-flow wp-block-column-is-layout-flow">
<div class="wp-block-cover"><img loading="lazy" decoding="async" width="1440" height="1920" class="wp-block-cover__image-background wp-image-114" alt="" src="https://espacoelisheva.pt/wp-content/uploads/2017/09/old-couple-2261495_1920.jpg?w=750" data-object-fit="cover" srcset="https://espacoelisheva.pt/wp-content/uploads/2017/09/old-couple-2261495_1920.jpg 1440w, https://espacoelisheva.pt/wp-content/uploads/2017/09/old-couple-2261495_1920-225x300.jpg 225w, https://espacoelisheva.pt/wp-content/uploads/2017/09/old-couple-2261495_1920-768x1024.jpg 768w, https://espacoelisheva.pt/wp-content/uploads/2017/09/old-couple-2261495_1920-1152x1536.jpg 1152w" sizes="auto, (max-width: 1440px) 100vw, 1440px" /><span aria-hidden="true" class="wp-block-cover__background has-background-dim"></span><div class="wp-block-cover__inner-container is-layout-flow wp-block-cover-is-layout-flow">
<p class="has-text-align-center has-large-font-size"><a href="https://espacoelisheva.pt/index.php/plano-de-desenvolvimento-individual-do-idoso/"><code><mark style="background-color:rgba(0, 0, 0, 0)" class="has-inline-color has-background-color">Plano de Desenvolvimento Individual do Idoso</mark></code></a></p>
</div></div>
</div>
</div>



<div class="wp-block-columns is-layout-flex wp-container-core-columns-is-layout-28f84493 wp-block-columns-is-layout-flex">
<div class="wp-block-column is-layout-flow wp-block-column-is-layout-flow">
<div class="wp-block-cover"><img loading="lazy" decoding="async" width="1880" height="1253" class="wp-block-cover__image-background wp-image-300" alt="" src="https://espacoelisheva.pt/wp-content/uploads/2021/10/pexels-photo-1181772.jpeg?w=750" data-object-fit="cover" srcset="https://espacoelisheva.pt/wp-content/uploads/2021/10/pexels-photo-1181772.jpeg 1880w, https://espacoelisheva.pt/wp-content/uploads/2021/10/pexels-photo-1181772-300x200.jpeg 300w, https://espacoelisheva.pt/wp-content/uploads/2021/10/pexels-photo-1181772-1024x682.jpeg 1024w, https://espacoelisheva.pt/wp-content/uploads/2021/10/pexels-photo-1181772-768x512.jpeg 768w, https://espacoelisheva.pt/wp-content/uploads/2021/10/pexels-photo-1181772-1536x1024.jpeg 1536w" sizes="auto, (max-width: 1880px) 100vw, 1880px" /><span aria-hidden="true" class="wp-block-cover__background has-background-dim"></span><div class="wp-block-cover__inner-container is-layout-flow wp-block-cover-is-layout-flow">
<p class="has-text-align-center has-large-font-size"><a href="https://espacoelisheva.pt/index.php/elaboracao-e-gestao-do-pii-do-cliente-em-caci/"><code><mark style="background-color:rgba(0, 0, 0, 0)" class="has-inline-color has-background-color">Elaboração e Gestão do PII do Cliente em CACI</mark></code></a></p>
</div></div>
</div>



<div class="wp-block-column is-layout-flow wp-block-column-is-layout-flow"></div>
</div>



<p></p>
