{"id":363,"date":"2021-10-20T12:13:09","date_gmt":"2021-10-20T12:13:09","guid":{"rendered":"https:\/\/espacoelisheva.wordpress.com\/?page_id=363"},"modified":"2021-10-20T12:13:09","modified_gmt":"2021-10-20T12:13:09","slug":"formacao-2","status":"publish","type":"page","link":"https:\/\/espacoelisheva.pt\/index.php\/formacao-2\/","title":{"rendered":"Forma\u00e7\u00e3o"},"content":{"rendered":"\n<p class=\"has-text-align-left\">O Espa\u00e7o Elisheva oferece forma\u00e7\u00e3o especializada em temas espec\u00edficos que podem contribuir para o seu enriquecimento pessoal e crescimento profissional.<\/p>\n\n\n\n<p class=\"has-text-align-left\">O formato e-learning e modalidade ass\u00edncrona permite facilitar o acesso aos conte\u00fados a qualquer momento e em qualquer lugar, sem obrigatoriedade de cumprir um hor\u00e1rio r\u00edgido, adaptando-se \u00e0s necessidades individuais de cada formando.<\/p>\n\n\n\n<p class=\"has-text-align-left\">Todos os temas conferem o acesso a documenta\u00e7\u00e3o complementar para refor\u00e7ar a pesquisa e auto-estudo dos participantes.<\/p>\n","protected":false},"excerpt":{"rendered":"<p>O Espa\u00e7o Elisheva oferece forma\u00e7\u00e3o especializada em temas espec\u00edficos que podem contribuir para o seu enriquecimento pessoal e crescimento profissional. O formato e-learning e modalidade ass\u00edncrona permite facilitar o acesso aos conte\u00fados a qualquer momento e em qualquer lugar, sem obrigatoriedade de cumprir um hor\u00e1rio r\u00edgido, adaptando-se \u00e0s necessidades individuais de cada formando. Todos os<a class=\"more-link\" href=\"https:\/\/espacoelisheva.pt\/index.php\/formacao-2\/\">Continue reading <span class=\"screen-reader-text\">&#8220;Forma\u00e7\u00e3o&#8221;<\/span><\/a><\/p>\n","protected":false},"author":2,"featured_media":0,"parent":0,"menu_order":0,"comment_status":"closed","ping_status":"closed","template":"","meta":{"_coblocks_attr":"","_coblocks_dimensions":"","_coblocks_responsive_height":"","_coblocks_accordion_ie_support":"","footnotes":""},"class_list":["post-363","page","type-page","status-publish","hentry","entry"],"jetpack_sharing_enabled":true,"_links":{"self":[{"href":"https:\/\/espacoelisheva.pt\/index.php\/wp-json\/wp\/v2\/pages\/363","targetHints":{"allow":["GET"]}}],"collection":[{"href":"https:\/\/espacoelisheva.pt\/index.php\/wp-json\/wp\/v2\/pages"}],"about":[{"href":"https:\/\/espacoelisheva.pt\/index.php\/wp-json\/wp\/v2\/types\/page"}],"author":[{"embeddable":true,"href":"https:\/\/espacoelisheva.pt\/index.php\/wp-json\/wp\/v2\/users\/2"}],"replies":[{"embeddable":true,"href":"https:\/\/espacoelisheva.pt\/index.php\/wp-json\/wp\/v2\/comments?post=363"}],"version-history":[{"count":0,"href":"https:\/\/espacoelisheva.pt\/index.php\/wp-json\/wp\/v2\/pages\/363\/revisions"}],"wp:attachment":[{"href":"https:\/\/espacoelisheva.pt\/index.php\/wp-json\/wp\/v2\/media?parent=363"}],"curies":[{"name":"wp","href":"https:\/\/api.w.org\/{rel}","templated":true}]}}

Formação

<p class="has-text-align-left">O Espaço Elisheva oferece formação especializada em temas específicos que podem contribuir para o seu enriquecimento pessoal e crescimento profissional.</p>



<p class="has-text-align-left">O formato e-learning e modalidade assíncrona permite facilitar o acesso aos conteúdos a qualquer momento e em qualquer lugar, sem obrigatoriedade de cumprir um horário rígido, adaptando-se às necessidades individuais de cada formando.</p>



<p class="has-text-align-left">Todos os temas conferem o acesso a documentação complementar para reforçar a pesquisa e auto-estudo dos participantes.</p>

<p>O Espaço Elisheva oferece formação especializada em temas específicos que podem contribuir para o seu enriquecimento pessoal e crescimento profissional. O formato e-learning e modalidade assíncrona permite facilitar o acesso aos conteúdos a qualquer momento e em qualquer lugar, sem obrigatoriedade de cumprir um horário rígido, adaptando-se às necessidades individuais de cada formando. Todos os<a class="more-link" href="https://espacoelisheva.pt/index.php/formacao-2/">Continue reading <span class="screen-reader-text">&#8220;Formação&#8221;</span></a></p>
