{"id":174,"date":"2021-09-15T23:10:21","date_gmt":"2021-09-15T23:10:21","guid":{"rendered":"https:\/\/espacoelisheva.wordpress.com\/?page_id=174"},"modified":"2021-09-15T23:10:21","modified_gmt":"2021-09-15T23:10:21","slug":"consultoria","status":"publish","type":"page","link":"https:\/\/espacoelisheva.pt\/index.php\/consultoria\/","title":{"rendered":"Consultoria"},"content":{"rendered":"\n<div class=\"wp-block-columns alignwide is-layout-flex wp-container-core-columns-is-layout-28f84493 wp-block-columns-is-layout-flex\">\n<div class=\"wp-block-column is-layout-flow wp-block-column-is-layout-flow\">\n<figure class=\"wp-block-image size-full\"><img loading=\"lazy\" decoding=\"async\" width=\"1880\" height=\"1255\" src=\"https:\/\/espacoelisheva.pt\/wp-content\/uploads\/2021\/09\/pexels-photo-1181622.jpeg\" alt=\"\" class=\"wp-image-260\" srcset=\"https:\/\/espacoelisheva.pt\/wp-content\/uploads\/2021\/09\/pexels-photo-1181622.jpeg 1880w, https:\/\/espacoelisheva.pt\/wp-content\/uploads\/2021\/09\/pexels-photo-1181622-300x200.jpeg 300w, https:\/\/espacoelisheva.pt\/wp-content\/uploads\/2021\/09\/pexels-photo-1181622-1024x684.jpeg 1024w, https:\/\/espacoelisheva.pt\/wp-content\/uploads\/2021\/09\/pexels-photo-1181622-768x513.jpeg 768w, https:\/\/espacoelisheva.pt\/wp-content\/uploads\/2021\/09\/pexels-photo-1181622-1536x1025.jpeg 1536w\" sizes=\"auto, (max-width: 1880px) 100vw, 1880px\" \/><\/figure>\n\n\n\n<p>Diariamente tanto as Organiza\u00e7\u00f5es da Economia Social como Empreendedores Sociais enfrentam desafios de gest\u00e3o, organiza\u00e7\u00e3o e implementa\u00e7\u00e3o de normativos legais e de estrat\u00e9gias de atua\u00e7\u00e3o eficazes que contribuam para a melhoria dos servi\u00e7os prestados. Para muitas, o maior desafio s\u00e3o a escassez de recursos humanos e financeiros.<\/p>\n\n\n\n<p>As candidaturas a projetos sociais financiados pode ajudar a ultrapassar alguns dos desafios que enfrentam e ainda, criar novos recursos funcionais ou novas respostas para os seus clientes.<\/p>\n<\/div>\n\n\n\n<div class=\"wp-block-column is-layout-flow wp-block-column-is-layout-flow\">\n<p class=\"has-text-align-left\">O Espa\u00e7o Elisheva disp\u00f5e de uma equipa com know how e experi\u00eancia, de mais de 16 anos, na \u00e1rea da economia social e forma\u00e7\u00e3o na \u00e1rea das ci\u00eancias sociais e humanas.<\/p>\n\n\n\n<p class=\"has-text-align-left\">A equipa do Espa\u00e7o Elisheva possui compet\u00eancias estrat\u00e9gicas para colaborar com as equipas das Organiza\u00e7\u00f5es Sociais, p\u00fablicas e privadas, no sentido de as ajudar a alcan\u00e7arem os seus objetivos nas seguintes \u00e1reas de atua\u00e7\u00e3o:<\/p>\n\n\n\n<ul class=\"wp-block-list\"><li>Gest\u00e3o e Organiza\u00e7\u00e3o <\/li><li>Planeamento (Planeamento Estrat\u00e9gico, Plano Anual de Atividades e Relat\u00f3rio Anual de Atividades)<\/li><li>Elabora\u00e7\u00e3o de Manuais e Procedimentos (ex. manual de acolhimento, manual de fun\u00e7\u00f5es, manual da qualidade, etc)<\/li><li>Gest\u00e3o e Organiza\u00e7\u00e3o de Processos (ex. Processo Individual do Cliente)<\/li><li>Candidaturas a Projetos Sociais (Desenvolvimento, Execu\u00e7\u00e3o e Acompanhamento)<\/li><li>Levantamento de Necessidades de Forma\u00e7\u00e3o (ex. Plano de Forma\u00e7\u00e3o)<\/li><li>Gest\u00e3o e Elabora\u00e7\u00e3o de Hor\u00e1rios<\/li><li>Gest\u00e3o de Equipas<\/li><\/ul>\n<\/div>\n<\/div>\n\n\n\n<p><\/p>\n","protected":false},"excerpt":{"rendered":"<p>Diariamente tanto as Organiza\u00e7\u00f5es da Economia Social como Empreendedores Sociais enfrentam desafios de gest\u00e3o, organiza\u00e7\u00e3o e implementa\u00e7\u00e3o de normativos legais e de estrat\u00e9gias de atua\u00e7\u00e3o eficazes que contribuam para a melhoria dos servi\u00e7os prestados. Para muitas, o maior desafio s\u00e3o a escassez de recursos humanos e financeiros. As candidaturas a projetos sociais financiados pode ajudar<a class=\"more-link\" href=\"https:\/\/espacoelisheva.pt\/index.php\/consultoria\/\">Continue reading <span class=\"screen-reader-text\">&#8220;Consultoria&#8221;<\/span><\/a><\/p>\n","protected":false},"author":2,"featured_media":0,"parent":0,"menu_order":0,"comment_status":"closed","ping_status":"closed","template":"","meta":{"_coblocks_attr":"","_coblocks_dimensions":"","_coblocks_responsive_height":"","_coblocks_accordion_ie_support":"","footnotes":""},"class_list":["post-174","page","type-page","status-publish","hentry","entry"],"jetpack_sharing_enabled":true,"_links":{"self":[{"href":"https:\/\/espacoelisheva.pt\/index.php\/wp-json\/wp\/v2\/pages\/174","targetHints":{"allow":["GET"]}}],"collection":[{"href":"https:\/\/espacoelisheva.pt\/index.php\/wp-json\/wp\/v2\/pages"}],"about":[{"href":"https:\/\/espacoelisheva.pt\/index.php\/wp-json\/wp\/v2\/types\/page"}],"author":[{"embeddable":true,"href":"https:\/\/espacoelisheva.pt\/index.php\/wp-json\/wp\/v2\/users\/2"}],"replies":[{"embeddable":true,"href":"https:\/\/espacoelisheva.pt\/index.php\/wp-json\/wp\/v2\/comments?post=174"}],"version-history":[{"count":0,"href":"https:\/\/espacoelisheva.pt\/index.php\/wp-json\/wp\/v2\/pages\/174\/revisions"}],"wp:attachment":[{"href":"https:\/\/espacoelisheva.pt\/index.php\/wp-json\/wp\/v2\/media?parent=174"}],"curies":[{"name":"wp","href":"https:\/\/api.w.org\/{rel}","templated":true}]}}

<div class="wp-block-columns alignwide is-layout-flex wp-container-core-columns-is-layout-28f84493 wp-block-columns-is-layout-flex">
<div class="wp-block-column is-layout-flow wp-block-column-is-layout-flow">
<figure class="wp-block-image size-full"><img loading="lazy" decoding="async" width="1880" height="1255" src="https://espacoelisheva.pt/wp-content/uploads/2021/09/pexels-photo-1181622.jpeg" alt="" class="wp-image-260" srcset="https://espacoelisheva.pt/wp-content/uploads/2021/09/pexels-photo-1181622.jpeg 1880w, https://espacoelisheva.pt/wp-content/uploads/2021/09/pexels-photo-1181622-300x200.jpeg 300w, https://espacoelisheva.pt/wp-content/uploads/2021/09/pexels-photo-1181622-1024x684.jpeg 1024w, https://espacoelisheva.pt/wp-content/uploads/2021/09/pexels-photo-1181622-768x513.jpeg 768w, https://espacoelisheva.pt/wp-content/uploads/2021/09/pexels-photo-1181622-1536x1025.jpeg 1536w" sizes="auto, (max-width: 1880px) 100vw, 1880px" /></figure>



<p>Diariamente tanto as Organizações da Economia Social como Empreendedores Sociais enfrentam desafios de gestão, organização e implementação de normativos legais e de estratégias de atuação eficazes que contribuam para a melhoria dos serviços prestados. Para muitas, o maior desafio são a escassez de recursos humanos e financeiros.</p>



<p>As candidaturas a projetos sociais financiados pode ajudar a ultrapassar alguns dos desafios que enfrentam e ainda, criar novos recursos funcionais ou novas respostas para os seus clientes.</p>
</div>



<div class="wp-block-column is-layout-flow wp-block-column-is-layout-flow">
<p class="has-text-align-left">O Espaço Elisheva dispõe de uma equipa com know how e experiência, de mais de 16 anos, na área da economia social e formação na área das ciências sociais e humanas.</p>



<p class="has-text-align-left">A equipa do Espaço Elisheva possui competências estratégicas para colaborar com as equipas das Organizações Sociais, públicas e privadas, no sentido de as ajudar a alcançarem os seus objetivos nas seguintes áreas de atuação:</p>



<ul class="wp-block-list"><li>Gestão e Organização </li><li>Planeamento (Planeamento Estratégico, Plano Anual de Atividades e Relatório Anual de Atividades)</li><li>Elaboração de Manuais e Procedimentos (ex. manual de acolhimento, manual de funções, manual da qualidade, etc)</li><li>Gestão e Organização de Processos (ex. Processo Individual do Cliente)</li><li>Candidaturas a Projetos Sociais (Desenvolvimento, Execução e Acompanhamento)</li><li>Levantamento de Necessidades de Formação (ex. Plano de Formação)</li><li>Gestão e Elaboração de Horários</li><li>Gestão de Equipas</li></ul>
</div>
</div>



<p></p>

<p>Diariamente tanto as Organizações da Economia Social como Empreendedores Sociais enfrentam desafios de gestão, organização e implementação de normativos legais e de estratégias de atuação eficazes que contribuam para a melhoria dos serviços prestados. Para muitas, o maior desafio são a escassez de recursos humanos e financeiros. As candidaturas a projetos sociais financiados pode ajudar<a class="more-link" href="https://espacoelisheva.pt/index.php/consultoria/">Continue reading <span class="screen-reader-text">&#8220;Consultoria&#8221;</span></a></p>
